{"id":4529,"date":"2020-05-01T11:49:22","date_gmt":"2020-05-01T09:49:22","guid":{"rendered":"https:\/\/preprod.espaces-atypiques.com\/?post_type=agence&#038;p=4529"},"modified":"2025-08-12T12:29:49","modified_gmt":"2025-08-12T10:29:49","slug":"drome-ardeche","status":"publish","type":"agence","link":"https:\/\/www.espaces-atypiques.com\/en\/agency\/drome-ardeche\/","title":{"rendered":"Dr\u00f4me &#8211; Ard\u00e8che"},"content":{"rendered":"<p>Just 2h15 from Paris by TGV, the Ard\u00e8che and Dr\u00f4me regions offer varied landscapes and rugged terrain.<\/p>\n<p>You can ski in the Vercors, go kayaking in the Dr\u00f4me, cycle along the ViaRh\u00f4na, discover the Ard\u00e8che Gorges and marvel at the cave paintings in the Chauvet cave. A sumptuous and attractive setting that the Espaces Atypiques team knows inside out. Here, we unearth nuggets in rural areas in the Dr\u00f4me Proven\u00e7ale as well as in the Ard\u00e8che Verte, but also in all the communes of the region: in Valence, Mont\u00e9limar, Romans, Tournon, Privas, Aubenas, Crest, Buis les Baronnies or even Saint-Paul-Trois-ch\u00e2teaux.<\/p>\n<p>As for the properties, the catalogue is also very eclectic: lofts, flats and houses with character in the city and old mills and old properties, renovated or to be renovated in the countryside.<\/p>\n<p>&#8220;We are in a land where it is good to live, but also to invest: a second home can be made profitable by a seasonal rental. Our departments are fully booked during the summer period&#8221;, reminds Jean-Paul Vincent, associate director of Espaces Atypiques Dr\u00f4me-Ard\u00e8che.<\/p>\n<p>On site, our agents specialising in atypical and luxury properties will be able to listen to you to define the property project of your dreams in the most beautiful of settings.<\/p>\n","protected":false},"author":25,"featured_media":465545,"parent":0,"menu_order":0,"template":"","regions":[20],"class_list":["post-4529","agence","type-agence","status-publish","has-post-thumbnail","hentry","region-auvergne-rhone-alpes"],"acf":{"zone_departements":[462,441]},"_links":{"self":[{"href":"https:\/\/www.espaces-atypiques.com\/en\/wp-json\/wp\/v2\/agences\/4529","targetHints":{"allow":["GET"]}}],"collection":[{"href":"https:\/\/www.espaces-atypiques.com\/en\/wp-json\/wp\/v2\/agences"}],"about":[{"href":"https:\/\/www.espaces-atypiques.com\/en\/wp-json\/wp\/v2\/types\/agence"}],"author":[{"embeddable":true,"href":"https:\/\/www.espaces-atypiques.com\/en\/wp-json\/wp\/v2\/users\/25"}],"acf:term":[{"embeddable":true,"taxonomy":"localisation","href":"https:\/\/www.espaces-atypiques.com\/en\/wp-json\/wp\/v2\/localisations\/441"},{"embeddable":true,"taxonomy":"localisation","href":"https:\/\/www.espaces-atypiques.com\/en\/wp-json\/wp\/v2\/localisations\/462"}],"wp:featuredmedia":[{"embeddable":true,"href":"https:\/\/www.espaces-atypiques.com\/en\/wp-json\/wp\/v2\/media\/465545"}],"wp:attachment":[{"href":"https:\/\/www.espaces-atypiques.com\/en\/wp-json\/wp\/v2\/media?parent=4529"}],"wp:term":[{"taxonomy":"region","embeddable":true,"href":"https:\/\/www.espaces-atypiques.com\/en\/wp-json\/wp\/v2\/regions?post=4529"}],"curies":[{"name":"wp","href":"https:\/\/api.w.org\/{rel}","templated":true}]}}

Drôme &#8211; Ardèche

<p>Just 2h15 from Paris by TGV, the Ardèche and Drôme regions offer varied landscapes and rugged terrain.</p>
<p>You can ski in the Vercors, go kayaking in the Drôme, cycle along the ViaRhôna, discover the Ardèche Gorges and marvel at the cave paintings in the Chauvet cave. A sumptuous and attractive setting that the Espaces Atypiques team knows inside out. Here, we unearth nuggets in rural areas in the Drôme Provençale as well as in the Ardèche Verte, but also in all the communes of the region: in Valence, Montélimar, Romans, Tournon, Privas, Aubenas, Crest, Buis les Baronnies or even Saint-Paul-Trois-châteaux.</p>
<p>As for the properties, the catalogue is also very eclectic: lofts, flats and houses with character in the city and old mills and old properties, renovated or to be renovated in the countryside.</p>
<p>&#8220;We are in a land where it is good to live, but also to invest: a second home can be made profitable by a seasonal rental. Our departments are fully booked during the summer period&#8221;, reminds Jean-Paul Vincent, associate director of Espaces Atypiques Drôme-Ardèche.</p>
<p>On site, our agents specialising in atypical and luxury properties will be able to listen to you to define the property project of your dreams in the most beautiful of settings.</p>
