{"id":1096295,"date":"2025-06-23T11:59:54","date_gmt":"2025-06-23T09:59:54","guid":{"rendered":"https:\/\/www.espaces-atypiques.com\/?post_type=vente&#038;p=1096295"},"modified":"2025-09-09T11:16:22","modified_gmt":"2025-09-09T09:16:22","slug":"75012-paris-family-apartment-and-its-balcony-in-reuilly-9480","status":"publish","type":"vente","link":"https:\/\/www.espaces-atypiques.com\/en\/for-sale\/75012-paris-family-apartment-and-its-balcony-in-reuilly-9480\/","title":{"rendered":"Family apartment and its balcony in Reuilly"},"content":{"rendered":"<p>Located on Rue de Reuilly, near Daumesnil, Nation and the Aligre district, this apartment benefits from a privileged environment, between the Coul\u00e9e Verte and several green spaces.<br \/>\nIt is nestled on the 5th floor by elevator and totals 95.90m\u00b2 on the ground (95.29m\u00b2 Carrez).<\/p>\n<p>Upon entering, we discover a double living room, bathed in light thanks to its South-West exposure. It opens onto a balcony of 8 m\u00b2 offering a clear view, with a glimpse of the Pantheon in focus.<\/p>\n<p>The apartment is laid out in a star shape, offering fluid circulation between its different spaces. It includes an independent equipped kitchen, a spacious bedroom of 17 m\u00b2 with access to the balcony, a recently renovated shower room, as well as two other bedrooms overlooking the courtyard, with a pleasant green view. A separate toilet completes the set.<\/p>\n<p>Many arrangements are possible to adapt the apartment into a flat without a load-bearing partition, according to your wishes.<\/p>\n<p>A cellar and a parking space in the first basement complete this rare family apartment in the area.<\/p>\n<p>Metro: Reuilly Diderot &amp; Montgallet<\/p>\n<p>ENERGY CLASS: D \/ CLIMATE CLASS: D<\/p>\n<p>Estimated average amount of annual energy expenditure for standard use, established from energy prices for the year 2023: between \u20ac1,760 and \u20ac2,420<\/p>\n<p>Information on the risks to which this property is exposed is available on the G\u00e9orisques website: https:\/\/www.georisques.gouv.fr<\/p>\n<p>RSAC: 893 991 273 Cr\u00e9teil<br \/>\nThomas: 07 67 40 13 65<\/p>\n","protected":false},"author":78027,"featured_media":1096270,"template":"","meta":{"_acf_changed":false},"criteres":[2011,5067],"localisations":[511,1069],"statuts-offre":[8194],"types-de-bien":[14],"class_list":["post-1096295","vente","type-vente","status-publish","has-post-thumbnail","hentry","hashtag-apartment-with-balcony-en","hashtag-apartment-with-a-view-en","localisation-75-paris","localisation-75012-paris","statut-offre-vendu-en","type-de-bien-apartment"],"acf":{"bien_geolocalisation":{"address":"6 Cr Saint-\u00c9loi, 75012 Paris, France","lat":48.846674510131294,"lng":2.388559849212646,"zoom":17,"place_id":"ChIJVXc7EFJz5kcRCr0lpzTDc5M","street_number":6,"street_name":"Cour Saint-\u00c9loi","street_name_short":"Cr Saint-\u00c9loi","city":"Paris","state":"\u00cele-de-France","post_code":75012,"country":"France","country_short":"FR"},"annonce_reference":"9480","annonce_reference_affaire":"","annonce_num_mandat":"","annonce_date_mise_a_jour":null,"agence_nom":"ESPACES ATYPIQUES Paris \u2013 Est","agence_nom_court":"Paris \u2013 Est","agence_telephone":"01 42 71 03 84","agence_email":"paris.est@espaces-atypiques.com","agence_adresse":"13 rue de Turenne - 75004 PARIS","agence_id":"400858","negociateur_prenom":"Thomas","negociateur_nom":"LELONG","negociateur_telephone":"07 67 40 13 65","negociateur_email":"thomas.lelong@espaces-atypiques.com","negociateur_id":"827455","negociateur_rsac":"893 991 273","negociateur_ville_rsac":"Paris","negociateur_statut":"EI","bien_ville":"PARIS","bien_code_postal":"75012","vente_prix":940000,"vente_honoraires_a_charge":"Vendeur","vente_honoraire_vendeur":47000,"vente_honoraires_acquereur":"","vente_taxe_fonciere":1957,"vente_copropriete":"Oui","vente_charges_copro":1130,"vente_nombre_lots":178,"vente_procedures_copropriete":"Non","bien_sous_titre":"","bien_surface_habitable":95.29,"bien_surface_carrez":95.29,"bien_surface_terrain":0,"bien_surface_exterieur":"","bien_nombre_pieces":4,"bien_nombre_chambres":3,"bien_nombre_sdb":"","bien_nombre_sde":1,"bien_balcon":1,"bien_terrasse":"","bien_parking":1,"bien_etage":5,"bien_etages_immeuble":9,"bien_dpe_bareme":"","bien_annee_reference_prix_energie":"20250207","bien_dpe_bareme_2024":["dpe2024"],"bien_3annees_reference_prix_energie":"2021, 2022, 2023","bien_dpe_lettre":"D","bien_dpe_valeur":229,"bien_ges_lettre":"D","bien_ges_valeur":49,"bien_min_depenses_energie":1760,"bien_max_depenses_energie":2420},"_links":{"self":[{"href":"https:\/\/www.espaces-atypiques.com\/en\/wp-json\/wp\/v2\/ventes\/1096295","targetHints":{"allow":["GET"]}}],"collection":[{"href":"https:\/\/www.espaces-atypiques.com\/en\/wp-json\/wp\/v2\/ventes"}],"about":[{"href":"https:\/\/www.espaces-atypiques.com\/en\/wp-json\/wp\/v2\/types\/vente"}],"author":[{"embeddable":true,"href":"https:\/\/www.espaces-atypiques.com\/en\/wp-json\/wp\/v2\/users\/78027"}],"wp:featuredmedia":[{"embeddable":true,"href":"https:\/\/www.espaces-atypiques.com\/en\/wp-json\/wp\/v2\/media\/1096270"}],"wp:attachment":[{"href":"https:\/\/www.espaces-atypiques.com\/en\/wp-json\/wp\/v2\/media?parent=1096295"}],"wp:term":[{"taxonomy":"hashtag","embeddable":true,"href":"https:\/\/www.espaces-atypiques.com\/en\/wp-json\/wp\/v2\/criteres?post=1096295"},{"taxonomy":"localisation","embeddable":true,"href":"https:\/\/www.espaces-atypiques.com\/en\/wp-json\/wp\/v2\/localisations?post=1096295"},{"taxonomy":"statut-offre","embeddable":true,"href":"https:\/\/www.espaces-atypiques.com\/en\/wp-json\/wp\/v2\/statuts-offre?post=1096295"},{"taxonomy":"type-de-bien","embeddable":true,"href":"https:\/\/www.espaces-atypiques.com\/en\/wp-json\/wp\/v2\/types-de-bien?post=1096295"}],"curies":[{"name":"wp","href":"https:\/\/api.w.org\/{rel}","templated":true}]}}

<p>Located on Rue de Reuilly, near Daumesnil, Nation and the Aligre district, this apartment benefits from a privileged environment, between the Coulée Verte and several green spaces.<br />
It is nestled on the 5th floor by elevator and totals 95.90m² on the ground (95.29m² Carrez).</p>
<p>Upon entering, we discover a double living room, bathed in light thanks to its South-West exposure. It opens onto a balcony of 8 m² offering a clear view, with a glimpse of the Pantheon in focus.</p>
<p>The apartment is laid out in a star shape, offering fluid circulation between its different spaces. It includes an independent equipped kitchen, a spacious bedroom of 17 m² with access to the balcony, a recently renovated shower room, as well as two other bedrooms overlooking the courtyard, with a pleasant green view. A separate toilet completes the set.</p>
<p>Many arrangements are possible to adapt the apartment into a flat without a load-bearing partition, according to your wishes.</p>
<p>A cellar and a parking space in the first basement complete this rare family apartment in the area.</p>
<p>Metro: Reuilly Diderot &amp; Montgallet</p>
<p>ENERGY CLASS: D / CLIMATE CLASS: D</p>
<p>Estimated average amount of annual energy expenditure for standard use, established from energy prices for the year 2023: between €1,760 and €2,420</p>
<p>Information on the risks to which this property is exposed is available on the Géorisques website: https://www.georisques.gouv.fr</p>
<p>RSAC: 893 991 273 Créteil<br />
Thomas: 07 67 40 13 65</p>

6 Cr Saint-Éloi, 75012 Paris, France

Cour Saint-Éloi

Cr Saint-Éloi

Île-de-France
